the highest common divisor of 94 and 4747?
47
What is the highest common divisor of 381 and 2921?
127
Calculate the highest common divisor of 23 and 3864.
23
Calculate the highest common divisor of 285 and 912.
57
Calculate the highest common divisor of 288 and 153.
9
What is the highest common divisor of 50 and 3050?
50
Calculate the highest common divisor of 3029 and 26.
13
Calculate the highest common divisor of 74 and 407.
37
Calculate the greatest common divisor of 85 and 325.
5
What is the highest common divisor of 64 and 2?
2
What is the highest common divisor of 35 and 119?
7
What is the highest common factor of 90 and 2295?
45
Calculate the greatest common divisor of 34 and 64.
2
Calculate the greatest common factor of 657 and 1387.
73
What is the highest common divisor of 306 and 3096?
18
Calculate the greatest common divisor of 539 and 1155.
77
Calculate the greatest common factor of 2236 and 104.
52
Calculate the highest common factor of 2440 and 392.
8
Calculate the highest common factor of 182 and 2366.
182
Calculate the greatest common factor of 77 and 63.
7
What is the greatest common divisor of 295 and 80?
5
Calculate the greatest common factor of 72 and 30.
6
What is the highest common divisor of 2004 and 12?
12
What is the greatest common factor of 3821 and 1?
1
What is the greatest common divisor of 3452 and 16?
4
What is the greatest common divisor of 176 and 64?
16
Calculate the greatest common divisor of 9 and 6597.
9
What is the greatest common divisor of 2944 and 230?
46
Calculate the highest common factor of 575 and 425.
25
Calculate the highest common factor of 33 and 1639.
11
Calculate the highest common divisor of 25 and 2965.
5
Calculate the greatest common factor of 48 and 512.
16
Calculate the highest common divisor of 13286 and 14.
14
Calculate the greatest common factor of 6 and 162.
6
Calculate the greatest common factor of 70 and 3710.
70
Calculate the highest common divisor of 8 and 3544.
8
Calculate the greatest common divisor of 336 and 567.
21
Calculate the highest common factor of 138 and 184.
46
Calculate the greatest common factor of 63 and 63.
63
What is the greatest common divisor of 9 and 63?
9
Calculate the greatest common factor of 84 and 354.
6
What is the highest common factor of 87 and 377?
29
Calculate the highest common divisor of 3224 and 312.
104
Calculate the highest common divisor of 24 and 744.
24
Calculate the highest common divisor of 432 and 594.
54
Calculate the greatest common divisor of 488 and 4087.
61
Calculate the greatest common divisor of 95 and 2090.
95
Calculate the greatest common divisor of 30 and 555.
15
What is the highest common divisor of 92 and 2990?
46
Calculate the greatest common divisor of 68420 and 20.
20
Calculate the greatest common divisor of 130 and 338.
26
Calculate the highest common divisor of 584 and 73.
73
What is the highest common divisor of 68 and 493?
17
Calculate the highest common factor of 16 and 35312.
16
What is the greatest common divisor of 66 and 33?
33
Calculate the highest common divisor of 78 and 507.
39
Calculate the highest common divisor of 140 and 2260.
20
What is the greatest common factor of 155 and 160?
5
Calculate the greatest common factor of 380 and 1292.
76
Calculate the highest common factor of 5310 and 270.
90
What is the greatest common divisor of 174 and 216?
6
What is the highest common divisor of 30 and 990?
30
Calculate the highest common factor of 195 and 8.
1
What is the greatest common divisor of 232 and 783?
29
What is the highest common factor of 122 and 69723?
61
What is the greatest common factor of 36750 and 45?
15
Calculate the greatest common divisor of 57 and 722.
19
What is the highest common divisor of 61 and 2623?
61
What is the greatest common factor of 36 and 189?
9
What is the highest common factor of 759 and 483?
69
Calculate the highest common factor of 104 and 1528.
8
What is the greatest common factor of 1001 and 55?
11
What is the greatest common factor of 9 and 5148?
9
What is the highest common factor of 9410 and 10?
10
What is the greatest common divisor of 12 and 3516?
12
Calculate the highest common factor of 192 and 7704.
24
What is the highest common factor of 80 and 1552?
16
Calculate the highest common divisor of 21855 and 372.
93
Calculate the highest common divisor of 27 and 297.
27
What is the highest common divisor of 36 and 1284?
12
What is the highest common factor of 43 and 23005?
43
What is the highest common factor of 9 and 1317?
3
Calculate the highest common factor of 1482 and 78.
78
Calculate the highest common divisor of 20652 and 12.
12
What is the highest common factor of 9071 and 47?
47
Calculate the greatest common divisor of 504 and 14.
14
What is the highest common divisor of 19 and 4?
1
Calculate the greatest common factor of 95 and 20.
5
Calculate the greatest common divisor of 19 and 1539.
19
Calculate the greatest common factor of 24444 and 112.
28
Calculate the greatest common factor of 92 and 252.
4
Calculate the highest common factor of 338 and 52.
26
What is the greatest common factor of 27 and 1098?
9
Calculate the highest common factor of 2904 and 12.
12
What is the highest common factor of 966 and 16284?
138
What is the highest common divisor of 572 and 156?
52
What is the highest common factor of 195 and 3?
3
What is the greatest common divisor of 11074 and 98?
98
What is the greatest common factor of 315 and 140?
35
What is the greatest common factor of 38 and 551?
19
Calculate the highest common factor of 117 and 156.
39
Calculate the highest common factor of 280 and 200.
40
What is the greatest common factor of 1416 and 32?
8
Calculate the greatest common divisor of 3 and 939.
3
What is the greatest common factor of 63 and 45?
9
Calculate the greatest common divisor of 9761 and 908.
227
Calculate the greatest common divisor of 391 and 17.
17
What is the highest common factor of 150 and 250?
50
Calculate the highest common divisor of 15312 and 24.
24
What is the highest common factor of 120 and 348?
12
What is the highest common divisor of 26 and 1157?
13
What is the highest common factor of 13203 and 162?
81
What is the highest common factor of 160 and 36?
4
What is the highest common divisor of 1278 and 355?
71
What is the greatest common factor of 54 and 33102?
54
What is the highest common factor of 2921 and 46?
23
Calculate the highest common factor of 178 and 1157.
89
What is the greatest common divisor of 390 and 735?
15
Calculate the greatest common divisor of 36 and 882.
18
What is the highest common factor of 20 and 860?
20
Calculate the highest common divisor of 187 and 85.
17
What is the greatest common divisor of 72 and 414?
18
What is the highest common divisor of 41 and 3403?
41
What is the highest common factor of 55 and 11?
11
What is the greatest common factor of 24325 and 175?
175
Calculate the greatest common divisor of 3663 and 1.
1
Calculate the greatest common factor of 442 and 26.
26
Calculate the highest common factor of 207 and 9.
9
What is the greatest common factor of 45 and 720?
45
Calculate the highest common factor of 20 and 35.
5
Calculate the highest common divisor of 38 and 1634.
38
What is the highest common divisor of 105 and 15?
15
Calculate the greatest common factor of 448 and 1960.
56
Calculate the greatest common divisor of 24 and 696.
24
Calculate the highest common factor of 247 and 104.
13
What is the greatest common divisor of 133 and 7?
7
Calculate the highest common factor of 154 and 330.
22
What is the highest common factor of 9 and 3987?
9
What is the greatest common divisor of 1130 and 10?
10
What is the greatest common factor of 5357 and 55?
11
What is the highest common factor of 40 and 9220?
20
What is the greatest common factor of 1946 and 56?
14
Calculate the highest common factor of 62220 and 170.
170
What is the greatest common divisor of 512 and 272?
16
Calculate the greatest common factor of 182 and 52.
26
Calculate the highest common factor of 158 and 1264.
158
Calculate the highest common factor of 3 and 111.
3
What is the highest common divisor of 1342 and 2806?
122
Calculate the greatest common divisor of 786 and 6.
6
Calculate the greatest common divisor of 14049 and 42.
21
Calculate the gr